 24 - 4*g - 23 + 11*g - 4*g. Let a(v) = v**3 + 19*v**2 + 34*v + 7. Suppose -4*i - 76 = -8. Let r be a(i). What is m(r)?
22
Let w(c) be the second derivative of c**5/20 + 7*c**4/4 + 10*c**3/3 - 5*c**2 - 100*c - 2. Let y be w(-20). Let s(u) = -u**2 - 8*u - 6. Calculate s(y).
-26
Let b(n) = n**3 - 24*n**2 - 118*n + 49. Let h(p) = -p**2 + 22*p. Let x(w) = -b(w) - 4*h(w). Give x(29).
-20
Let d = -151 + 138. Let o be -11 - d - (-6 - 1). Let s(l) = -l**3 + 9*l**2 + 2*l - 10. What is s(o)?
8
Let i(k) = k**2 - 10*k + 5. Let r(n) = 2*n**2 + 2*n - 6. Let o = 23 - 28. Let h be r(o). Suppose 2*q - 22 = -0*q - d, -3*q - 2*d + h = 0. Determine i(q).
5
Let f(z) = z - 1 + 5*z - 4*z - 13*z**2. Let c(k) = 240*k + 11*k**2 + 1 - 516*k**3 + k**2 + 34*k**2 + 517*k**3. Let b be c(-40). Give f(b).
-12
Let h(x) = 2*x - 1. Let j(u) be the second derivative of -u**5/20 - u**4/12 - u**2/2 + 387*u + 2. Let d be 12/(-8) - (-1)/(-2). Let z be j(d). What is h(z)?
5
Let y = -10 - -7. Let x(s) = -85*s + 166. Let p be x(2). Let w be (-4 - p) + 1 + y. Let d(l) = -3*l. Give d(w).
6
Let b(h) = 6*h - 13. Let x(z) = -z + 1. Let y(w) = b(w) + 5*x(w). Let q(s) = 2*s**2 - 1061*s + 128166. Let p be q(186). Determine y(p).
4
Suppose -3*j + x = 9, -4*x = 2*j - x + 6. Let b(o) = -7620*o**3 + 15244*o**3 - 7623*o**3. What is b(j)?
-27
Let y = -20592 - -20599. Let t(d) = -7*d - 26. What is t(y)?
-75
Suppose k - 24 = 3*p, -4*p = k + 1 + 17. Let r(s) = 2*s**2 + 13*s + 10. Calculate r(p).
4
Let k = -1474 + 1479. Let a(n) = -n**3 + 3*n**2 + 11*n - 12. Determine a(k).
-7
Let k(v) = 4*v + 529. Let w(j) = -7*j - 742. Let b(i) = -7*k(i) - 5*w(i). Suppose 0 = -2*l - 5*h + 5, -4*h + 25 + 12 = -5*l. What is b(l)?
-28
Suppose 24*k - 93 = 117*k. Let l(n) = n. Let i(h) = 5*h - 1. Let b(x) = i(x) - 2*l(x). What is b(k)?
-4
Suppose -n + 118 = -3*r - r, -5*n + 545 = -5*r. Let t(h) = -207*h - 2 + n*h + 5 + 104*h. Suppose 2*z - 4 = -b, -4*b - 5*z - 2 = -3*z. Give t(b).
-3
Let s(v) be the first derivative of -v**5/60 - 7*v**4/24 - 17*v**3/6 - 111*v**2/2 - 110. Let b(m) be the second derivative of s(m). What is b(-7)?
-17
Let m(z) = 3*z**3 + z - 1. Let h(n) = 16*n**3 - 4*n**2 + 8*n - 7. Let r(w) = h(w) - 5*m(w). What is r(4)?
10
Suppose -4*v = -4*n - 12, 3*v + 3*n - 9 = 6. Suppose 2*q = 8 - v. Suppose 4 = -i + q*p - 1, -4*p = 2*i + 10. Let m(b) = -b**2 - 3*b - 6. Calculate m(i).
-16
Let h(r) be the second derivative of 1/6*r**4 - 6 + 1/6*r**3 - 7*r - 1/2*r**2. What is h(2)?
9
Let w(x) = -93*x + 43. Let y(r) = -22*r - 1. Let f(h) = w(h) - 4*y(h). Calculate f(10).
-3
Let c(j) = -36*j**3 - 3*j**2 - 3*j + 5. Let p(a) = -55*a**3 - 3*a**2 - 2*a + 7. Let k(q) = 3*c(q) - 2*p(q). Determine k(-2).
-17
Let w(z) = z - 4. Let n be w(10). Suppose n*f = 23 + 1. Let g(t) = f + t**2 - 1 + 6*t - 13*t. Determine g(4).
-9
Let m(k) = -k**2 - 31*k + 9. Let u(j) = 44*j - 912. Let s be u(20). Give m(s).
-23
Let v = 907 - 902. Let j(k) = -v*k - 11 - 16*k + 24*k. Give j(0).
-11
Let r(t) be the second derivative of -76*t - 11/2*t**2 + 0 - 1/6*t**3. Calculate r(-5).
-6
Let k(z) = -65*z + z**2 + 376*z - 256*z - 11 - 49*z. Let c(u) = -u**3 + 7*u**2 + 6*u + 9. Let q be c(8). Determine k(q).
-4
Let f(h) = -60 + 119 - 48 - 4*h + h**3 - 2*h**2. Determine f(4).
27
Let u(q) = 949*q + 26. Let g(h) = -345*h - 9. Let j(p) = -11*g(p) - 4*u(p). What is j(-1)?
-4
Let d(p) be the third derivative of p**6/40 + p**5/60 + 26*p**2 + 1. Let r be -3*(-8)/(-6)*3. Let c be (-6)/(-8) - (-4 + (-45)/r). Give d(c).
4
Let k be (255/85)/(1/((-22)/(-6))). Let h(j) = 0*j**3 - j**3 - 60*j + 11*j**2 - 64*j - 57*j + 180*j - 10. Calculate h(k).
-21
Suppose -35 = 6*v - v. Let x(y) = -y**3 + y**2 - 2*y - 1. Let s(m) = 9*m + 6 - 18 - 7*m**2 + 5 + 0. Let f(a) = s(a) + x(a). Determine f(v).
-8
Let j(s) = 21*s**3 + 3*s**2 - 6*s - 93. Let h(z) = -42*z**3 - 5*z**2 + 10*z + 163. Let w(i) = -4*h(i) - 7*j(i). Let d = 6 + -3. Let v be (2/4)/(d/6). Give w(v).
21
Let c(z) = -61*z**2 + 28*z - 3. Let o(y) = -162*y**2 + 83*y - 10. Let r(d) = 8*c(d) - 3*o(d). Calculate r(-13).
-7
Let f(q) = 12*q**2. Let j be f(-1). Let t(g) = -g**3 + 3*g**2 + 9*g - 29. Let p(b) = -2*b**2 - b - 3. Let n(a) = 4*p(a) - t(a). What is n(j)?
5
Suppose w - 6 = -0*w. Let k(q) = 105*q**3 - 42*q + 23*q**3 - 5*q**2 - 127*q**3 - 2 + 34*q. Calculate k(w).
-14
Let k(c) = c**2 - 10*c + 2. Let x be (-21)/63*(-6)/2 + 8. Determine k(x).
-7
Let o(j) = -24*j**2 + 14*j - 62. Let r(c) = -11*c**2 + 6*c - 31. Let b(x) = 6*o(x) - 13*r(x). Determine b(-3).
4
Let w(p) = 603*p + 11 + 603*p + 611*p - 32 - 1809*p. Give w(-6).
-69
Let n(s) = 61*s**2 + 2*s**2 - 35*s**2 - 4 - 42*s**2. Calculate n(-2).
-60
Let u(d) = -134*d + 4291. Let l be u(32). Let z be (-3)/(-2)*4/3. Let f(b) = 0*b - b**2 - 3*b + z*b**2 - 2. Calculate f(l).
-2
Let s(d) be the first derivative of 2*d - 1/2*d**2 - 1/4*d**4 + 55 + 2/3*d**3. Determine s(2).
0
Suppose 0 = -3*d + 30*b - 33*b - 3, b - 5 = -3*d. Let t(k) = 3 + 14*k**3 + k**2 - 4*k**3 - 4*k**d - 5*k**3 - 3*k. Calculate t(-4).
-33
Let k(m) = 6*m**2 - 4*m**2 - 3 - 6*m - m**2. Suppose -10*o - 43 = -93. What is k(o)?
-8
Let c(u) = -u + 23. Suppose -h - 16 = 5*j - 4, 3*j = 4*h + 25. Let v be c(h). Suppose 0 = -3*s - 2*s - v. Let d(n) = -3*n - 4. What is d(s)?
14
Let t(v) be the second derivative of 4*v**5/15 + v**3/6 + 9*v**2 + 3*v + 8. Let z(b) be the first derivative of t(b). What is z(1)?
17
Let l(a) = 10*a - 54. Let k(g) = -g**3 - 42*g**2 - 371*g - 121. Let p be k(-12). Determine l(p).
56
Let w(z) = 7*z**3 + 29*z**2 - 8*z - 13. Let t(m) = 15*m**3 + 62*m**2 - 16*m - 27. Let l(v) = 9*t(v) - 19*w(v). Calculate l(-2).
0
Let w(m) = 30*m - 220. Let p(o) = 26*o - 224. Let b(s) = 6*p(s) - 5*w(s). Calculate b(40).
-4
Let p(v) be the first derivative of v**3 + 19*v**2 + 17*v - 6673. Calculate p(-11).
-38
Suppose -2*k + 2 = -q, -2*q = -5*q - k - 20. Let m(l) be the second derivative of l**5/20 + l**4/2 + 5*l**3/6 - 6*l. Give m(q).
-30
Let n(c) = -4*c - 117. Let d be 2704/(-96) - ((-46)/(-207))/((-4)/3). Calculate n(d).
-5
Let j(q) = -6*q + 8. Let a be 39/24 + -1 - (763/56 - 14). Give j(a).
2
Suppose 7*q - 16 + 2 = 0. Suppose 3*d = 2*d + 2*a + 7, -q*d = -a - 8. Let c(i) = -5*i + 4*i + d - 2*i. What is c(-4)?
15
Let a(n) = 4 + 2 - n + 0. Let b be -18*(4/12 - 1). Let q be (-1*1)/((-88)/b - -7). What is a(q)?
3
Suppose 74*f - 285 - 85 = 0. Let p(b) = 2*b**3 - 23*b**2 + 6*b - 23. Let u(s) = -s**3 + 11*s**2 - 3*s + 11. Let o(c) = -6*p(c) - 13*u(c). Determine o(f).
10
Let t(b) = -2*b + 3. Let r(q) = q. Let x(z) = -4*r(z) - t(z). Determine x(8).
-19
Suppose 0 = -8*a - 0*a + 24. Suppose 5*d = 2*d - a. Let r be 2*d - (36/2)/3. Let w(u) = u**2 + 7*u - 11. Give w(r).
-3
Let q(z) = z**2 + 2811 - 2809 + 16*z - 5*z - 2*z**2. What is q(11)?
2
Suppose 0 = d - 0 + 5. Let j(b) be the first derivative of 2*b**3 + 3*b**2 + 1/4*b**4 + 3*b - 26. Calculate j(d).
-2
Let k(o) = 9*o - 2. Let x = -3641 - -3636. What is k(x)?
-47
Let g(m) = m**3 - 10*m**2 + 30*m - 8. Let u(y) = -3*y**3 + 30*y**2 - 97*y + 26. Let h(a) = -7*g(a) - 2*u(a). Give h(6).
52
Let h be ((-552)/322)/((-16)/14 + 1). Let u(x) = -x**2 + 7*x + 39. Let j be u(h). Let p be (-28)/j*((-14)/4 - -2). Let z(o) = 5*o. Give z(p).
-10
Let f(r) be the second derivative of -r**6/72 + r**5/60 + 17*r**4/2 - 12*r. Let m(j) be the third derivative of f(j). Calculate m(2).
-18
Let r = -255 - -147. Let t = r - -113. Let f(v) = v**2 - 7*v + 5. Calculate f(t).
-5
Let y = 315 - 286. Let d(g) = -y*g**2 - 5*g - 24*g + 29*g. What is d(1)?
-29
Let a(o) = 2*o + 14. Let z(k) = -4*k - 26. Let p be z(-5). Let r be a(p). Let m(l) = -39*l + 77*l - l**3 - 39*l + 3 - 5*l**r. Determine m(-5).
8
Let b(c) = c**2 - 25*c - 494. Let x be b(-13). Let z(i) = i + 12. Give z(x).
12
Suppose -2*u + 4*u = 5*g - 4, 0 = u + 5*g - 13. Let z be (-1)/u - 88/(-12). Let x(r) = 3*r + z - 12*r + 7*r. Calculate x(5).
-3
Suppose 4*b - 44 = -3*a, -4*b = -4*a + a + 4. Let x(d) = -d - 7*d + d**2 + 0*d - a - 2*d**2 + d. Determine x(-7).
-8
Let c(l) = 25*l**3 + 2*l - 2. Suppose 0 = -5*f - 5*a + 25, -1432*a - 16 = 4*f - 1437*a. Give c(f).
25
Let s(k) = 3*k + 10*k**2 + 6 - 4*k**2 - 2*k - k**3. Suppose 80 = b - 5*n, -296 = -0*b - 5*b - n. Suppose -b*c = -67*c + 42. Determine s(c).
12
Suppose 33*j - 11328 = 21*j. Let s(o) = j - 3*o - 966 + 2*o + 